{"id":31,"date":"2024-12-18T16:38:49","date_gmt":"2024-12-18T15:38:49","guid":{"rendered":"https:\/\/pourprelune.fr\/?page_id=31"},"modified":"2025-03-31T17:21:40","modified_gmt":"2025-03-31T15:21:40","slug":"mentions-legales","status":"publish","type":"page","link":"https:\/\/pourprelune.fr\/?page_id=31","title":{"rendered":"Mentions l\u00e9gales"},"content":{"rendered":"\n<p><strong>Responsable du site<\/strong><br>Alexandre GOY &#8211; 69004 LYON.<\/p>\n\n\n\n<p><strong>Directeur de publication<\/strong><br>Alexandre GOY<br>H\u00e9bergeur<br>OVH \u2013 Roubaix Tourcoing \u2013 <a href=\"http:\/\/www.ovh.com\">http:\/\/www.ovh.com<\/a><\/p>\n\n\n\n<p><strong>Liens<\/strong><br>Les liens \u00e9mis sur ce site sont donn\u00e9s \u00e0 titre informatif. Nous ne saurions \u00eatre responsable, contr\u00f4ler ou garantir l\u2019actualit\u00e9 et l\u2019exactitude des informations diffus\u00e9es sur les sites des soci\u00e9t\u00e9s, organismes ou personnes priv\u00e9es vers lesquels nous avons \u00e9tabli des liens.<br>Si vous \u00eates responsable d\u2019un site cit\u00e9 sur www.pourprelune.fr et que vous ne souhaitez pas (plus) qu\u2019il le soit, vous pouvez le signaler \u00e0 cette adresse : <a href=\"https:\/\/pourprelune.fr\/?page_id=83\">www.pourprelune.fr\/contact\/<\/a><\/p>\n\n\n\n<p><strong>Droits d\u2019auteur \/ Copyright<\/strong><br>Aucun \u00e9l\u00e9ment composant le site ne peut \u00eatre copi\u00e9, reproduit, modifi\u00e9, r\u00e9\u00e9dit\u00e9, charg\u00e9, d\u00e9natur\u00e9, transmis ou distribu\u00e9 de quelque mani\u00e8re que ce soit, sous quelque support que ce soit, de fa\u00e7on partielle ou int\u00e9grale, sans l\u2019autorisation \u00e9crite et pr\u00e9alable de Alexandre GOY.<\/p>\n\n\n\n<p><strong>Protection des donn\u00e9es<\/strong><br>L\u2019utilisateur est notamment inform\u00e9 que, conform\u00e9ment \u00e0 l\u2019article 32 de la Loi Informatique et Libert\u00e9 du 6 janvier 1978 modifi\u00e9e, les informations qu\u2019il communique par les formulaires pr\u00e9sents sur le site www.pourprelune.fr sont n\u00e9cessaires pour r\u00e9pondre \u00e0 sa demande et sont destin\u00e9es aux services en charge de r\u00e9pondre \u00e0 sa demande \u00e0 des fins de suivi de cette demande.<br>Conform\u00e9ment aux dispositions de l\u2019article 38 de la Loi Informatique et Libert\u00e9 du 6 janvier 1978, modifi\u00e9e en 2004, l\u2019utilisateur peut \u00e9galement s\u2019opposer, pour des motifs l\u00e9gitimes, \u00e0 ce que ses donn\u00e9es fassent l\u2019objet d\u2019un traitement et, sans motif et sans frais, \u00e0 ce que ses donn\u00e9es soient utilis\u00e9es \u00e0 des fins de prospection commerciale.<br>L\u2019utilisateur est inform\u00e9 que lors de ses visites sur le site www.pouprelune.fr, un cookie peut s\u2019installer automatiquement sur son logiciel de navigation. Le cookie est un bloc de donn\u00e9es qui ne permet pas d\u2019identifier les utilisateurs mais sert \u00e0 enregistrer des informations relatives \u00e0 la navigation de celui-ci sur le site. Le param\u00e9trage du logiciel de navigation permet d\u2019informer de la pr\u00e9sence de cookie et \u00e9ventuellement, de la refuser de la mani\u00e8re d\u00e9crite \u00e0 l\u2019adresse suivante: www.cnil.fr.<\/p>\n\n\n\n<p><\/p>\n\n\n\n<p><\/p>\n\n\n\n<p><strong>Cr\u00e9dits dessins, plans, photographies<\/strong> <br>Sauf mention contraire, les photographies, illustrations, plans &#8230; sont la propri\u00e9t\u00e9 de Alexandre Goy. Toute reproduction est interdite sans l\u2019autorisation pr\u00e9alable de l\u2019auteur.<\/p>\n\n\n\n<p>Cr\u00e9dits :<\/p>\n\n\n\n<p>\u00a9 Alexandre Goy<\/p>\n\n\n\n<p>\u00a9 Natacha Rimet<\/p>\n\n\n\n<p>\u00a9 Nicolas Drouvot<\/p>\n\n\n\n<p><\/p>\n","protected":false},"excerpt":{"rendered":"<p>Responsable du siteAlexandre GOY &#8211; 69004 LYON. Directeur de publicationAlexandre GOYH\u00e9bergeurOVH \u2013 Roubaix Tourcoing \u2013 http:\/\/www.ovh.com LiensLes liens \u00e9mis sur [&hellip;]<\/p>\n","protected":false},"author":1,"featured_media":0,"parent":0,"menu_order":0,"comment_status":"closed","ping_status":"closed","template":"","meta":{"_eb_attr":"","site-sidebar-layout":"default","site-content-layout":"","ast-site-content-layout":"default","site-content-style":"default","site-sidebar-style":"default","ast-global-header-display":"","ast-banner-title-visibility":"","ast-main-header-display":"","ast-hfb-above-header-display":"","ast-hfb-below-header-display":"","ast-hfb-mobile-header-display":"","site-post-title":"","ast-breadcrumbs-content":"","ast-featured-img":"","footer-sml-layout":"","theme-transparent-header-meta":"","adv-header-id-meta":"","stick-header-meta":"","header-above-stick-meta":"","header-main-stick-meta":"","header-below-stick-meta":"","astra-migrate-meta-layouts":"default","ast-page-background-enabled":"default","ast-page-background-meta":{"desktop":{"background-color":"var(--ast-global-color-5)","background-image":"","background-repeat":"repeat","background-position":"center center","background-size":"auto","background-attachment":"scroll","background-type":"","background-media":"","overlay-type":"","overlay-color":"","overlay-opacity":"","overlay-gradient":""},"tablet":{"background-color":"","background-image":"","background-repeat":"repeat","background-position":"center center","background-size":"auto","background-attachment":"scroll","background-type":"","background-media":"","overlay-type":"","overlay-color":"","overlay-opacity":"","overlay-gradient":""},"mobile":{"background-color":"","background-image":"","background-repeat":"repeat","background-position":"center center","background-size":"auto","background-attachment":"scroll","background-type":"","background-media":"","overlay-type":"","overlay-color":"","overlay-opacity":"","overlay-gradient":""}},"ast-content-background-meta":{"desktop":{"background-color":"var(--ast-global-color-4)","background-image":"","background-repeat":"repeat","background-position":"center center","background-size":"auto","background-attachment":"scroll","background-type":"","background-media":"","overlay-type":"","overlay-color":"","overlay-opacity":"","overlay-gradient":""},"tablet":{"background-color":"var(--ast-global-color-4)","background-image":"","background-repeat":"repeat","background-position":"center center","background-size":"auto","background-attachment":"scroll","background-type":"","background-media":"","overlay-type":"","overlay-color":"","overlay-opacity":"","overlay-gradient":""},"mobile":{"background-color":"var(--ast-global-color-4)","background-image":"","background-repeat":"repeat","background-position":"center center","background-size":"auto","background-attachment":"scroll","background-type":"","background-media":"","overlay-type":"","overlay-color":"","overlay-opacity":"","overlay-gradient":""}},"footnotes":""},"class_list":["post-31","page","type-page","status-publish","hentry"],"_links":{"self":[{"href":"https:\/\/pourprelune.fr\/index.php?rest_route=\/wp\/v2\/pages\/31","targetHints":{"allow":["GET"]}}],"collection":[{"href":"https:\/\/pourprelune.fr\/index.php?rest_route=\/wp\/v2\/pages"}],"about":[{"href":"https:\/\/pourprelune.fr\/index.php?rest_route=\/wp\/v2\/types\/page"}],"author":[{"embeddable":true,"href":"https:\/\/pourprelune.fr\/index.php?rest_route=\/wp\/v2\/users\/1"}],"replies":[{"embeddable":true,"href":"https:\/\/pourprelune.fr\/index.php?rest_route=%2Fwp%2Fv2%2Fcomments&post=31"}],"version-history":[{"count":5,"href":"https:\/\/pourprelune.fr\/index.php?rest_route=\/wp\/v2\/pages\/31\/revisions"}],"predecessor-version":[{"id":113,"href":"https:\/\/pourprelune.fr\/index.php?rest_route=\/wp\/v2\/pages\/31\/revisions\/113"}],"wp:attachment":[{"href":"https:\/\/pourprelune.fr\/index.php?rest_route=%2Fwp%2Fv2%2Fmedia&parent=31"}],"curies":[{"name":"wp","href":"https:\/\/api.w.org\/{rel}","templated":true}]}}